What is the tens digit of ((-10)/5)/((-6)/(-12))*147560/(-16)?
9
Suppose 2*t - 1425 = -5*r, 2*r - 6*r = -2*t + 1434. Suppose -13*w - t + 14001 = 0. What is the units digit of w?
2
Let d be 0/(1/(1*(-3)/9)). Suppose 10 = 5*s - 2*f + 7*f, -s = -4*f - 12. Suppose -s = -w - 2*b + 27, 4*w + b - 103 = d. What is the units digit of w?
5
Suppose -6*c + 6360 = 6*c. Let j = c - 250. Suppose 4*l - 248 - j = 0. What is the hundreds digit of l?
1
Let v(z) = 7*z**2 - 14*z - 70. What is the hundreds digit of v(-7)?
3
Suppose -4*o = 4*h - 287656, -188*h = -190*h - 3*o + 143836. What is the tens digit of h?
0
Suppose 62 = 12*g + 2. Suppose 0 = 2*j + 3*j - a - 3154, g*j + 4*a = 3159. What is the units digit of j?
1
Suppose -4*v + 17*m + 95913 = 18*m, -5*m = -11*v + 263815. What is the hundreds digit of v?
9
Suppose 1887 - 123 = 14*d. Let j = d - 33. What is the units digit of j?
3
Suppose 2*h = -3*t + 148, 0*t - 3*h = 2*t - 102. What is the units digit of (1548/t)/((-9)/(-12))?
3
Let s(u) = 6*u**2 + 350*u + 26. What is the units digit of s(40)?
6
Let c(m) = -2*m**2 + 18*m + 3. Let k be c(9). Suppose 10 = -k*n + 3*u + 1, 5*n + 5*u = 5. What is the units digit of 2 - (3 - 5) - (n - 190)?
5
Let t be (-887)/(-5) - (85/25 - 3). Suppose 496 = 11*v + t. Suppose v*b - 30*b + 54 = 0. What is the units digit of b?
4
Let z(l) = -2*l**3 - 2*l**2 + 5*l + 2. Let a be z(-3). Suppose 2*b - 65 + 0 = 3*y, -5*b + 26 = -y. Let w = a + y. What is the units digit of w?
2
Let h(f) = f**3 - 6*f**2 + 3*f + 1. Let l be h(5). Let u(w) = -w**3 - 242 - 9*w - 5 + 266 - 9*w**2. What is the units digit of u(l)?
0
Let z = 32 - 29. Suppose 0 = -4*p + z*o - 38, 12 + 6 = -p + 5*o. What is the units digit of 110/((p/10)/((-10)/25))?
5
Suppose 5*v - 5*d - 11705 = -0*d, 5*v = -d + 11741. What is the hundreds digit of v?
3
Let k = -22 + 186. Let o be 3*k - (-4 - -4). Suppose 6*x - o = -0*x. What is the tens digit of x?
8
Let j = 98368 + -47967. What is the thousands digit of j?
0
Let h = -2442 + 246. What is the hundreds digit of (h/(-20) - 3)*5/2?
2
Suppose -2*p - 46622 = -0*p - 188390. What is the hundreds digit of p?
8
Let j(q) = -q. Let f(n) = 6*n - 1. Let t(p) = -f(p) + 2*j(p). Let m be t(2). What is the units digit of 15/9*-2*m?
0
Let l = 104 + -101. Suppose 0 = -2*v + l*j - 10, -3*v - 10 + 5 = -2*j. Suppose 0 = -5*a - 6 + v, 0 = -3*c - 3*a + 423. What is the tens digit of c?
4
Let u(a) be the third derivative of 79*a**4/24 - 55*a**3/6 - 11*a**2 + 2. What is the hundreds digit of u(3)?
1
Suppose 18*g - 474 + 132 = 0. Suppose -1597 = -s - 4*v, 15*s + 6416 = g*s + 2*v. What is the units digit of s?
5
Suppose 477*p - 4294970 = 201*p + 4483762. What is the ten thousands digit of p?
3
Suppose 0 = -4*x + 3*p + 371722, -3*x + 38*p = 41*p - 278760. What is the units digit of x?
6
Suppose 748020 = 74*x + 17*x. What is the hundreds digit of x?
2
Let m = 37788 - -22342. What is the hundreds digit of m?
1
Let f(u) be the third derivative of -u**5/60 + 5*u**4/6 - u**3/6 - 10*u**2. Let q be f(9). Let a = q + 3. What is the units digit of a?
1
Suppose 2*y + 5 = 13. Suppose -2*t = 3*x - 631, t = -y*x - 0*x + 303. What is the hundreds digit of t?
3
Let f(b) = b**3 + 7*b**2 - 13*b - 34. Let i be f(-8). Let h(p) = -1. Let t(w) = -6*w + 13. Let d(m) = 2*h(m) - t(m). What is the units digit of d(i)?
1
Let s = 4732 + -3404. What is the units digit of s?
8
What is the ten thousands digit of -5 + 16575 - (0 + 3 + -12)?
1
What is the tens digit of ((-4)/(-5))/((-10)/(-42510))*(-440)/(-44)?
0
Let n = -76 + 468. Suppose -24*d + 1952 = n. What is the tens digit of d?
6
Suppose 3*x = 13*r - 9*r + 70411, -x + 2*r = -23469. What is the hundreds digit of x?
4
What is the thousands digit of 14080224/200 + 78/(-650)?
0
Suppose 62 + 242 = -38*a. What is the thousands digit of 1656 - a/32*-28?
1
Suppose -21*w - 3165 = -20*w. Let s = 4608 + w. What is the units digit of s?
3
Suppose -5*d + 2*x - 8 = -0, -d = -5*x + 20. Suppose -4*r = -b - 169, d*r + 3*r - b - 128 = 0. Let a = r + -37. What is the units digit of a?
4
Suppose 3*z + 0*b = 2*b + 12459, 5*b = 5*z - 20770. What is the units digit of z?
1
Suppose 8465 = 2*v - 56*f + 55*f, -3*f = -5*v + 21163. What is the tens digit of v?
3
Let b = -7014 + 20231. What is the thousands digit of b?
3
Let i = 4510 + 4850. Suppose 0 = -31*t + i + 15998. What is the units digit of t?
8
Let m be 74*5/(20/(-6)). Let g = m - -157. Suppose s + 18 - g = 0. What is the tens digit of s?
2
Let h be (-5829)/(-12) + (-96)/128. Let d be (4 - 2)*2954/4. Suppose 8*j + h = d. What is the tens digit of j?
2
Suppose 3275 = 6*u - 3241. Let x = u - 519. What is the units digit of x?
7
Suppose 45*u = 50*u - 20. Suppose 3*r + 2*l - 492 = -r, -508 = -u*r + 2*l. Suppose 374 = 5*c - 3*q, -3*c + 2*q + 100 = -r. What is the units digit of c?
3
Let p(x) = x**3 - 10*x**2 + 23*x - 36. Suppose -9 = -5*a + 2*a, -2 = -d + 3*a. What is the hundreds digit of p(d)?
3
Suppose -f - 5*d = 43, 0 = 2*f - 5*d - 2 + 43. What is the units digit of (-12568)/f + (-6)/(-42)?
9
Let g be ((-5622)/8)/(39/(-52) - 0). Let p = g + 208. What is the tens digit of p?
4
Let z(d) = -d**3 - 26*d**2 - 17*d + 36. Let h be z(-25). Let g = h - -577. What is the tens digit of g?
1
Suppose 3150 = -19*d + 28*d. Let k = 40 + d. What is the units digit of k?
0
Let u(v) be the third derivative of -v**5/5 + v**4/6 - 17*v**3/6 - 14*v**2. Let b(c) be the first derivative of u(c). What is the units digit of b(-1)?
8
Let q = 45391 + 6890. What is the tens digit of q?
8
Suppose -9290 = -5*j + 1205. Let l = j + -824. What is the thousands digit of l?
1
Let x be 12/(-28)*1 + 146/14. Let m(u) = 43*u - 109. What is the hundreds digit of m(x)?
3
What is the tens digit of 4 + (-261175)/(-10) + -2*6/(-24)?
2
Let a be ((-2)/(6/9))/((-9)/(-336)). What is the hundreds digit of ((-32)/a)/(6/19677)?
9
Let b be (-6)/9 - 7/(42/(-8836)). Suppose 2*v - 616 = b. What is the units digit of ((-3)/(9/2))/((-8)/v)?
7
Let x(y) = -2*y + 34. Let o be x(15). Suppose 0 = 4*c + o*k + 82 - 282, -4*c + 5*k + 209 = 0. Let r = 88 - c. What is the tens digit of r?
3
Let t = -6943 + 22648. What is the units digit of t?
5
Suppose -2*a = o - 3, -8*a = o - 4*a - 5. Let v be -6 - ((-5)/1 + o). What is the units digit of (2/(-5))/(v/270)?
4
What is the ten thousands digit of ((-37)/(-3))/(-12 + 1538108/128172)?
3
Suppose -4*v + 12 = 0, 6*b = 8*b - 4*v - 12500. What is the thousands digit of b?
6
Let k = 2909 + 3217. Suppose -25824 = -50*s + k. What is the hundreds digit of s?
6
Let o be (-64)/(-20)*85/34. Suppose -5*m + o*m - 1293 = 0. What is the units digit of m?
1
Let f(i) = 2 - 509*i + 490*i - 34. What is the tens digit of f(-20)?
4
Suppose 2*o + 5*c - 5841 = -0*o, 3*o - c - 8770 = 0. Suppose -18*q + 1883 = -o. What is the hundreds digit of q?
2
Suppose 41*y - 3*y = 2*y + 601560. What is the hundreds digit of y?
7
Suppose 167*y - 544308 = 100*y. What is the units digit of y?
4
Suppose -14703*m - 89076 = -14716*m. What is the hundreds digit of m?
8
Let p(f) = -49*f**3 - 12*f**2 - 93*f - 22. What is the tens digit of p(-7)?
4
Suppose 8*q + 77*q = 4149870. What is the units digit of q?
2
Suppose 0 = -5*h + 6 + 9. Suppose -5*i - h*j = j + 3, 5*i - 4*j = -27. Let m = i + 31. What is the tens digit of m?
2
What is the thousands digit of -61*(-136)/20*5?
2
Suppose -55*a - 200*a + 50*a + 2058815 = 0. What is the tens digit of a?
4
What is the hundreds digit of (0 + 6)/(141/253471)?
7
Suppose -3*q + 8 = 2*q + 2*r, -2*r = q. Let h be ((-30)/35)/(q/154). Let p = -12 - h. What is the units digit of p?
4
Let f(u) = 1436*u - 1852. What is the thousands digit of f(4)?
3
Suppose -19437 = -8*z + 11*z. Let v = -4555 - z. What is the units digit of v?
4
Let f(m) = -m**3 + m**2 - 12*m + 7021. What is the hundreds digit of f(0)?
0
What is the ten thousands digit of (150/12 + (-240)/20)*113348?
5
Let h(r) = -3*r + 27. Let i be h(-15). Let z = 264 + i. Suppose 2*s + 4*s - z = 0. What is the units digit of s?
6
Let d(u) = -u**3 + 20*u**2 - 37*u - 2. Suppose -2*w - 4*x + 26 = 0, w - 4*w = -4*x - 59. What is the units digit of d(w)?
6
Let i = 86 + -84. Suppose -3*f - 2*z - 3*z = -123, i*f - 86 = -2*z. What is the tens digit of f?
4
Suppose -68*m - 31*m + 4525380 = 25*m. What is the ten thousands digit of m?
3
What is t